st common divisor of 960 and 679080?
120
Calculate the greatest common divisor of 35812 and 103628.
28
Calculate the highest common divisor of 10063 and 158369.
29
Calculate the greatest common factor of 1889124 and 1308.
12
Calculate the greatest common factor of 5191 and 81358543.
5191
Calculate the highest common factor of 1243 and 6327343.
11
What is the greatest common factor of 676 and 435479876?
676
What is the greatest common divisor of 2629944492 and 84?
84
Calculate the greatest common divisor of 279657469 and 1131.
377
Calculate the highest common divisor of 24288267 and 15832.
1979
What is the highest common divisor of 731578518 and 44?
22
What is the greatest common divisor of 9744 and 415632?
336
What is the greatest common factor of 29172 and 8704476?
2244
What is the greatest common divisor of 140 and 151130?
70
Calculate the greatest common factor of 3916461826 and 146.
146
Calculate the highest common divisor of 20646 and 9251082.
558
Calculate the greatest common factor of 35960 and 393080.
1240
What is the highest common factor of 264054 and 1554?
42
Calculate the highest common divisor of 170517 and 107139.
1509
Calculate the highest common factor of 76972579 and 956.
239
Calculate the highest common factor of 488 and 47683334.
122
Calculate the greatest common divisor of 8916621 and 2709.
21
What is the greatest common divisor of 252350 and 17453350?
5150
Calculate the highest common factor of 376213 and 15825.
211
Calculate the highest common factor of 100886 and 69817258.
1382
What is the highest common divisor of 40628 and 630616?
28
What is the highest common divisor of 824471340 and 330?
330
Calculate the greatest common factor of 4980 and 178521712.
332
Calculate the greatest common divisor of 204 and 103515448.
68
What is the greatest common factor of 53440 and 29746040?
6680
What is the highest common divisor of 6030675 and 456925?
1225
What is the greatest common divisor of 2750 and 107119540?
110
What is the greatest common factor of 108 and 142367436?
108
Calculate the highest common divisor of 865 and 6535.
5
What is the greatest common divisor of 1955340 and 49167?
81
Calculate the highest common divisor of 15098 and 3114317303.
7549
Calculate the highest common divisor of 165406 and 243907.
191
What is the greatest common divisor of 120516 and 222882?
726
Calculate the highest common divisor of 9991044 and 4592.
1148
What is the greatest common divisor of 3691 and 2109827274?
3691
What is the greatest common divisor of 54776 and 228456?
1336
Calculate the greatest common factor of 78997448 and 16.
8
What is the highest common factor of 14059776 and 24448?
128
Calculate the highest common factor of 593404 and 4844.
28
Calculate the greatest common divisor of 2067 and 197418.
39
Calculate the highest common divisor of 3492 and 687490992.
3492
Calculate the greatest common divisor of 31592 and 23010823.
3949
What is the greatest common factor of 2508 and 53292?
12
Calculate the greatest common factor of 2062 and 178922833.
1031
Calculate the greatest common factor of 8034 and 10731261.
309
Calculate the greatest common factor of 19698 and 9477552.
2814
Calculate the greatest common divisor of 68969996 and 8152.
4076
Calculate the highest common divisor of 17380 and 284636.
44
What is the greatest common divisor of 6658 and 6370?
2
Calculate the highest common divisor of 507 and 95844125.
169
Calculate the highest common factor of 999 and 492665841.
999
What is the highest common divisor of 532 and 3216871?
133
Calculate the highest common factor of 49538 and 28658260.
1054
What is the highest common factor of 20745 and 1193?
1
What is the highest common factor of 4537 and 872118?
13
Calculate the highest common factor of 89210 and 360.
10
Calculate the greatest common divisor of 68246150 and 525.
175
What is the highest common divisor of 184183462 and 310?
62
Calculate the greatest common divisor of 536605 and 76228.
1003
Calculate the highest common factor of 82460 and 5453000.
2660
What is the greatest common divisor of 50 and 211415775?
25
What is the greatest common divisor of 2697768 and 4183?
89
Calculate the highest common factor of 427665 and 399.
21
Calculate the highest common factor of 70 and 106568266.
14
What is the highest common divisor of 1387260 and 5719695?
5505
What is the greatest common divisor of 29016615 and 465?
15
Calculate the highest common divisor of 53418 and 91524.
174
Calculate the greatest common divisor of 74290 and 709682.
34
Calculate the highest common divisor of 1544076 and 21924.
3132
Calculate the greatest common divisor of 217632 and 252384.
96
What is the highest common divisor of 1547 and 6130579?
91
Calculate the highest common divisor of 704 and 3157528.
88
Calculate the greatest common divisor of 2059148 and 3068.
52
Calculate the greatest common factor of 14505519 and 3636.
303
Calculate the highest common factor of 90 and 11749730.
10
What is the greatest common factor of 5695811 and 8404?
2101
What is the greatest common factor of 10 and 35357690?
10
Calculate the highest common divisor of 5413772 and 31692.
556
Calculate the greatest common factor of 211712 and 4135.
827
Calculate the highest common factor of 5138 and 2253871046.
5138
Calculate the highest common divisor of 22096179 and 189.
189
What is the greatest common divisor of 5740 and 47695690?
70
What is the greatest common divisor of 858240 and 3720?
120
Calculate the highest common divisor of 922560 and 2085.
15
Calculate the highest common factor of 608 and 2150344.
152
Calculate the highest common factor of 464 and 12576160.
16
Calculate the highest common factor of 43441814 and 704314.
6838
What is the greatest common divisor of 738976150 and 550?
550
What is the greatest common divisor of 8684 and 91603007?
167
Calculate the highest common factor of 72 and 146642104.
8
What is the greatest common factor of 407 and 1803528?
37
What is the greatest common divisor of 1780 and 31903830?
890
What is the highest common divisor of 32644314 and 23?
23
What is the greatest common factor of 13883065 and 33180?
2765
What is the highest common factor of 14182 and 90593603?
1013
What is the highest common divisor of 218341 and 717112?
29
Calculate the greatest common divisor of 2322043310 and 6910.
6910
Calculate the highest common factor of 690 and 883716810.
690
Calculate the greatest common divisor of 22 and 3728747.
11
What is the highest common divisor of 111 and 8624040?
3
What is the highest common divisor of 37950 and 6315?
15
Calculate the highest common divisor of 85 and 134689045.
85
Calculate the highest common factor of 1935 and 63125.
5
Calculate the highest common divisor of 150 and 2058405.
15
What is the greatest common factor of 88419600 and 4800?
1200
Calculate the highest common divisor of 59720751 and 45.
9
What is the highest common divisor of 2324 and 64500628?
332
Calculate the highest common divisor of 19275352 and 18632.
1096
Calculate the greatest common factor of 319845 and 99.
3
What is the greatest common factor of 181253527 and 91?
91
What is the highest common divisor of 78412410 and 90?
90
What is the greatest common divisor of 395 and 2261691?
79
Calculate the greatest common factor of 172 and 15130496.
172
Calculate the greatest common factor of 81973148 and 388.
388
Calculate the highest common divisor of 75801544 and 2275.
91
Calculate the greatest common factor of 4860 and 32308470.
810
Calculate the greatest common factor of 1422166 and 26606.
502
What is the highest common factor of 1607825 and 299300?
1825
What is the highest common factor of 721824 and 67452?
876
Calculate the greatest common divisor of 244977 and 60162.
111
Calculate the greatest common factor of 44558052 and 252.
84
Calculate the highest common factor of 6502975 and 20052.
557
What is the highest common divisor of 2258709482 and 5982?
1994
What is the greatest common divisor of 420 and 790140?
60
What is the greatest common factor of 12194 and 36575434?
938
Calculate the greatest common divisor of 1305 and 1715814.
261
Calculate the greatest common factor of 120 and 200616288.
24
Calculate the highest common factor of 1230 and 89177520.
30
Calculate the greatest common factor of 33041685 and 8625